. Suppose g - 4 = j*d, -g = 5*d - 4*d + 2. Is (d - -2) + (15 - 1) composite?
True
Let u(s) = s + 4. Let t be u(-6). Let l(d) = 14*d**2 - 1. Let x be l(t). Suppose 5*f - x = 4*f. Is f prime?
False
Let k(r) = 36*r + 7. Is k(11) a prime number?
False
Suppose -6 = -2*o, 3*s - 3*o + 6 - 3 = 0. Suppose -7*f + s*f + 355 = 0. Is f composite?
False
Let a(h) = 11*h**2 + 2*h + 1. Let l be a(4). Suppose t - 6*t = -l. Is t prime?
True
Let j(t) = -13*t**3 - 3*t**2 - 1 - 12*t**3 + 4*t**2 - 2*t**2 + 4*t. Is j(-3) composite?
False
Let z(u) = u**2 + 8*u - 1. Let d be 3/((-26)/(-16) + -2). Let h be z(d). Is (h/(-2))/(6/1428) prime?
False
Let v be 6 - (3 + -3 + 3). Suppose v*w = 3*l - 9, 5*l = l - 2*w - 6. Suppose 2*h + l*f - 42 = -2*f, 2*h - 2*f - 34 = 0. Is h a composite number?
False
Let h = 2116 - -501. Is h prime?
True
Let h(w) = -33*w + 16. Let i = -11 - -4. Is h(i) a prime number?
False
Let s(d) = -3*d**2 - d + 3. Let f be s(-3). Let z be -2*2/4*f. Let w = z - 2. Is w a prime number?
True
Suppose m + 4*w - 1 = 2*m, -4*m = -2*w - 38. Let j = -22 - -44. Let r = j - m. Is r prime?
True
Let i = 11 - 6. Suppose -121 = i*w - 846. Is w composite?
True
Let y = -11 - -13. Is 75*y - (1 - 0) prime?
True
Let l be ((-1)/1 - 1) + 44. Let q = -62 - -39. Let t = q + l. Is t a composite number?
False
Suppose -2*y = -y - 769. Is y composite?
False
Let x be 2*(81/2)/1. Suppose z - x - 130 = 0. Is z composite?
False
Let q = -2 + 6. Suppose -3*a = -2*x - 6, 5*a - q*x - 10 = -9*x. Suppose -y - 4*c - 13 = -a*y, -5*y - 2*c = -65. Is y a composite number?
False
Let i = 8 + -6. Let o = 13 + -10. Suppose -i*q = -2*z - 5 - 15, -o*z + 90 = 5*q. Is q prime?
False
Suppose -8 + 118 = -2*n. Is (-2)/10 + (-5346)/n a prime number?
True
Let i(g) = 898*g**2 - 2*g - 1. Is i(-1) a prime number?
False
Is (-12)/4 + 89 + -4 a prime number?
False
Suppose -23 = -5*z + 17. Let q = z - 5. Is q composite?
False
Suppose -3*c + 4*i = 5*i - 8, -3*c = -3*i - 24. Suppose c*h + 190 = 1202. Is h prime?
False
Let p be 37 - 2/(1 + -3). Suppose 5*k - 3*k = p. Is k a composite number?
False
Let p = 74 - 41. Is -2*(-3 + 2) + p composite?
True
Suppose 7*x - 3*x - 200 = 0. Let k = x - -56. Is k a composite number?
True
Suppose 4*k = 6*k + l + 5, 0 = 4*k + 5*l + 19. Is (-1 - 3) + (-57)/k a prime number?
True
Suppose 5*a - 2 = 18. Suppose -a*o - 2*r + 16 = -0*r, -5*r + 8 = 2*o. Suppose 373 = o*u - 207. Is u a composite number?
True
Suppose 5*x = -5*w + 125, 4 = 2*x + w - 44. Let q(d) = -d**3 + 5*d**2 - 2*d - 4. Let v be q(4). Suppose j = x - v. Is j a prime number?
True
Suppose 3*p - 6*p + 6 = 0. Suppose -82 = -3*x + 2*t, -2*t = 3*x - 2*x - 22. Suppose x = p*n - n. Is n a prime number?
False
Suppose 0 = m - 2*m + 5*d - 39, -5*d = 5*m + 45. Is 111/2 + m/28 prime?
False
Suppose 2*r - 42 - 34 = -c, c + 109 = 3*r. Is r a prime number?
True
Suppose 2*i + 5*c = 243, 0 = -0*i - 5*i - 3*c + 598. Is i a prime number?
False
Let r(m) = m + 5. Let n be r(-4). Is (3 + -157)*n/(-2) prime?
False
Let f(c) = -c**2 - 7*c - 6. Let x be f(-6). Suppose 3*d + 0*d - 5*w + 32 = 0, x = -2*d - 3*w + 4. Is (-386)/(-6) + d/(-6) a prime number?
False
Suppose 5*i - 13 - 10 = -3*l, -4*l = -i. Is (-1)/(-4) + 315/i a prime number?
True
Let n(g) = g**3 + 7*g**2 + 4*g + 7. Suppose 0 = -4*d + 76 - 12. Let w be (-15)/(-2)*d/(-20). Is n(w) a composite number?
False
Let l(b) = b - 5. Let i be l(3). Suppose -2 = -3*y + y. Is (0 + y)/(i/(-6)) a composite number?
False
Let h(u) = -329*u**3 - 1. Let y(f) = f**3 - 6*f**2 - f + 5. Let r be y(6). Let o be h(r). Suppose -4*t + o = 4*s, s = -5*t - 0*s + 414. Is t composite?
False
Let w be (-1)/(-4) + (-38)/(-8). Suppose 3*h - 1613 + 184 = -2*j, 2*j = -w*h + 2387. Is h a prime number?
True
Let u = 10 - 14. Let g(m) = -m**3 + 5*m**2 + m - 9. Is g(u) composite?
False
Suppose 9*h + 6 = 6*h. Is (-1)/2*47*h prime?
True
Let l(w) = 4*w**3 - 7*w**2 + 6*w + 11. Is l(6) prime?
True
Suppose 4 = p, o = -2*o - 3*p - 972. Let d = 929 + o. Suppose -2*w - n + 240 = 0, -5*w - 4*n = -2*n - d. Is w composite?
True
Suppose -6*x + 3*x + 159 = 0. Is x a prime number?
True
Let b be 1/3 - (-58)/6. Suppose 5*f = 25, -129 = -2*m + 3*f + b. Is m composite?
True
Let p be (24/(-20))/((-2)/10). Let h = 15 - p. Is h a composite number?
True
Suppose 0 = 4*i - 86 - 82. Let u = -30 + i. Is ((-178)/8)/((-3)/u) a composite number?
False
Let s(w) = -w**2 - 8*w + 9. Let d be s(-9). Suppose -5*l + 279 + 106 = d. Is l composite?
True
Suppose 5*v + 5*x = 930, 0*v - 402 = -2*v + 4*x. Is v a prime number?
True
Let o(c) = c + c**2 + 2*c + 1 - 2*c. Is o(4) composite?
True
Suppose s = 1354 + 127. Is s prime?
True
Suppose 24909 + 20801 = 10*a. Is a a prime number?
False
Let a = -40 + 25. Let y = 34 + a. Is y a composite number?
False
Let u = 14 + -8. Suppose -4*p + u*p = 0. Suppose p = -s + 6*j - 2*j + 20, s - 16 = 3*j. Is s prime?
False
Let k(t) = -t**2 + 6*t - 3. Let c be k(6). Let w(d) = -237*d - 2. Is w(c) prime?
True
Let w(z) = 2*z**2 - 5*z - 4. Let v be 10*(-3 - (-14)/4). Is w(v) a composite number?
True
Let z(y) = -y**2 + 7*y + 11. Let o be z(8). Suppose o*r = -6*a + a + 161, -5*a - 2*r + 159 = 0. Is a prime?
True
Let p(k) = k - 2. Let f be p(2). Suppose -3*t - 3 + 34 = 2*v, f = 5*v - 2*t - 106. Let y = v + -6. Is y a prime number?
False
Let w(v) = v**2 - 6*v - 6. Let i(o) = 2*o**2 - 19*o - 18. Let g(m) = -2*i(m) + 7*w(m). Let z be g(5). Suppose b - z = -10. Is b a composite number?
True
Let p = 746 + -309. Is p a prime number?
False
Suppose -651 - 839 = -2*b. Is b prime?
False
Suppose 25*j - 51268 = 21*j. Is j composite?
True
Let n(r) = r**3 - 4*r**2 + 8*r. Is n(7) a composite number?
True
Suppose -6 = 2*u - 4*c, u + 4 - 3 = 3*c. Let b be (-24)/(-14)*u/(-2). Is (-3555)/(-27) + (-4)/b composite?
False
Let l be (-1)/(-1)*(2 - 6). Is (-3)/12 - 333/l a prime number?
True
Suppose -4*s + 36 = 5*v - 421, -5*v - 221 = -2*s. Is s a prime number?
True
Let r(v) = 2*v + 211. Is r(0) a composite number?
False
Let w = 72 + -166. Let v = -56 - w. Is v a composite number?
True
Let a be (-2 - -26)/2*2. Let u = a + -17. Is u prime?
True
Let k(q) = 15*q + 1. Let u be k(-3). Is -2 + 3 - 2*u prime?
True
Let w be 0 + (2 - 9)*82. Let j = -363 - w. Is j prime?
True
Let z be -1 + (-3 + 2 - 69). Let v = z - -102. Is v prime?
True
Suppose 4*b - 5*b = -268. Suppose -1544 = 3*w - 7*w + 4*p, -2*p - 1155 = -3*w. Let s = w - b. Is s a composite number?
True
Let r(a) = a**3 + 10*a**2 - 12*a - 5. Let l be r(-9). Suppose 4*s - 612 - l = 0. Is s a prime number?
True
Let n = -2023 + 4452. Is n a composite number?
True
Suppose 5*z + 0*z - 515 = 0. Is z a prime number?
True
Let w(f) = 116*f**2 + 1. Suppose 0 = 4*m + 5*p - 11 - 10, 18 = 2*m + 4*p. Let k be w(m). Suppose 37 = 2*o - k. Is o composite?
True
Let p(s) = 6*s - 1. Let z be p(6). Let w = z - 21. Is w a composite number?
True
Is -5*-13*11 + 3 a prime number?
False
Let u(r) = -r**2 - 5*r - 2. Let t be u(-4). Let w = 20 + -11. Suppose -t*b = -b - w. Is b a composite number?
True
Let p(j) = j**3 + j**2 - j + 211. Let o = 6 + -6. Is p(o) composite?
False
Is (-876)/(-10) - (-15)/(-25) a composite number?
True
Let r = 922 + -253. Is r composite?
True
Let w(n) = -9*n - 5*n**2 + 20*n + 14 + 15*n**2 - n**3. Is w(11) a prime number?
False
Let o(t) = 4*t**2 + 0*t**2 + 3*t + 6 - 2 - 4*t - t**3. Let c be o(4). Suppose x - 67 = -c*x. Is x composite?
False
Let a(k) = -k**3 + 3*k**2 + 4*k - 2. Let p = 1 + -5. Is a(p) composite?
True
Let t(y) = -3*y**3 - 2*y**2 - 1. Let a be t(-3). Let s = a - 23. Suppose b = j - 36, 2 = -2*j - 5*b + s. Is j composite?
False
Suppose -2*f = -164 - 98. Let r be 6*2/6*1. Suppose -h - f = -r*h. Is h a prime number?
True
Let i = -2 + 4. Suppose -2*n - 26 = -i*v - 90, v = -2*n + 70. Is n composite?
True
Suppose -2*n - 180 = 130. Let v = n - -234. Is v a composite number?
False
Let g(n) be the second derivative of -1/20*n**5 - 1/6*n**4 - n**2 + 0*n**3 + 0 + n. Is g(-3) prime?
True
Suppose m + m - 190 = 0. Suppose w = 6*w - m. Is w a composite number?
False
Let j be ((-4)/5)/((-2)/(-5)). Let q = j - -3. Is q/(40/(-42) + 1) composite?
True
Suppose 2*t + 0 - 2 = 0, 2*t = 4*d - 370. Is (-12)/(-9)*d + -3 a prime number?
False
Let u = -358 - -1719. Is u a composite number?
False
Let a = 949 + -28. Is a a composite number?
True